{"id":2086,"date":"2022-12-13T12:40:34","date_gmt":"2022-12-13T15:40:34","guid":{"rendered":"http:\/\/www.desarrollowpdiseno.utalca.cl\/?page_id=2086"},"modified":"2024-05-03T12:28:36","modified_gmt":"2024-05-03T15:28:36","slug":"mision-y-vision","status":"publish","type":"page","link":"https:\/\/diseno.utalca.cl\/?page_id=2086","title":{"rendered":"Misi\u00f3n y Visi\u00f3n"},"content":{"rendered":"\t\t<div data-elementor-type=\"wp-page\" data-elementor-id=\"2086\" class=\"elementor elementor-2086\" data-elementor-settings=\"[]\">\n\t\t\t\t\t\t\t<div class=\"elementor-section-wrap\">\n\t\t\t\t\t\t\t<section class=\"elementor-section elementor-top-section elementor-element elementor-element-ededfb3 elementor-section-height-min-height elementor-section-stretched elementor-section-boxed elementor-section-height-default elementor-section-items-middle\" data-id=\"ededfb3\" data-element_type=\"section\" data-settings=\"{&quot;stretch_section&quot;:&quot;section-stretched&quot;,&quot;background_background&quot;:&quot;video&quot;,&quot;background_video_start&quot;:4,&quot;background_video_end&quot;:20,&quot;background_video_link&quot;:&quot;https:\\\/\\\/www.youtube.com\\\/watch?v=wofv5meQqhc&amp;ab_channel=UniversidaddeTalca&quot;,&quot;background_play_on_mobile&quot;:&quot;yes&quot;,&quot;architecturer_ext_is_background_parallax&quot;:&quot;false&quot;,&quot;architecturer_ext_is_background_on_scroll&quot;:&quot;false&quot;}\">\n\t\t\t\t\t\t\t\t<div class=\"elementor-background-video-container\">\n\t\t\t\t\t\t\t\t\t\t\t\t\t<div class=\"elementor-background-video-embed\"><\/div>\n\t\t\t\t\t\t\t\t\t\t\t\t<\/div>\n\t\t\t\t\t\t\t\t\t<div class=\"elementor-background-overlay\"><\/div>\n\t\t\t\t\t\t\t<div class=\"elementor-container elementor-column-gap-default\">\n\t\t\t\t\t<div class=\"elementor-column elementor-col-100 elementor-top-column elementor-element elementor-element-da02b03\" data-id=\"da02b03\" data-element_type=\"column\" data-settings=\"{&quot;architecturer_ext_is_mobile_menu&quot;:&quot;false&quot;,&quot;architecturer_ext_is_scrollme&quot;:&quot;false&quot;,&quot;architecturer_ext_is_smoove&quot;:&quot;false&quot;,&quot;architecturer_ext_is_parallax_mouse&quot;:&quot;false&quot;,&quot;architecturer_ext_is_infinite&quot;:&quot;false&quot;,&quot;architecturer_ext_is_fadeout_animation&quot;:&quot;false&quot;}\">\n\t\t\t<div class=\"elementor-widget-wrap elementor-element-populated\">\n\t\t\t\t\t\t\t\t<div class=\"elementor-element elementor-element-a9782b9 elementor-widget elementor-widget-architecturer-animated-headline\" data-id=\"a9782b9\" data-element_type=\"widget\" data-settings=\"{&quot;architecturer_ext_is_mobile_menu&quot;:&quot;false&quot;,&quot;architecturer_ext_is_scrollme&quot;:&quot;false&quot;,&quot;architecturer_ext_is_smoove&quot;:&quot;false&quot;,&quot;architecturer_ext_is_parallax_mouse&quot;:&quot;false&quot;,&quot;architecturer_ext_is_infinite&quot;:&quot;false&quot;,&quot;architecturer_ext_is_fadeout_animation&quot;:&quot;false&quot;}\" data-widget_type=\"architecturer-animated-headline.default\">\n\t\t\t\t<div class=\"elementor-widget-container\">\n\t\t\t<div class=\"themegoods-animated-headline text-alignment-left\" data-animation=\"push\">\n\t<h1 class=\"animated-headline ah-headline\">\n\t\t\t<span>Formaci\u00f3n<\/span>\n\t\t\t\t<span class=\"ah-words-wrapper\">\n\t\t\t\t<b class=\"is-visible\">Misi\u00f3n<\/b>\n\t\t\t\t<b >Visi\u00f3n<\/b>\n\t\t\t<\/span>\n\t\t\n\t\t<\/h1>\n<\/div>\t\t<\/div>\n\t\t\t\t<\/div>\n\t\t\t\t\t<\/div>\n\t\t<\/div>\n\t\t\t\t\t\t\t<\/div>\n\t\t<\/section>\n\t\t\t\t<section class=\"elementor-section elementor-top-section elementor-element elementor-element-f830b5f elementor-section-stretched elementor-section-boxed elementor-section-height-default elementor-section-height-default\" data-id=\"f830b5f\" data-element_type=\"section\" data-settings=\"{&quot;stretch_section&quot;:&quot;section-stretched&quot;,&quot;background_background&quot;:&quot;classic&quot;,&quot;architecturer_ext_is_background_parallax&quot;:&quot;false&quot;,&quot;architecturer_ext_is_background_on_scroll&quot;:&quot;false&quot;}\">\n\t\t\t\t\t\t<div class=\"elementor-container elementor-column-gap-wide\">\n\t\t\t\t\t<div class=\"elementor-column elementor-col-50 elementor-top-column elementor-element elementor-element-55425e7\" data-id=\"55425e7\" data-element_type=\"column\" data-settings=\"{&quot;architecturer_ext_is_mobile_menu&quot;:&quot;false&quot;,&quot;architecturer_ext_is_scrollme&quot;:&quot;false&quot;,&quot;architecturer_ext_is_smoove&quot;:&quot;false&quot;,&quot;architecturer_ext_is_parallax_mouse&quot;:&quot;false&quot;,&quot;architecturer_ext_is_infinite&quot;:&quot;false&quot;,&quot;architecturer_ext_is_fadeout_animation&quot;:&quot;false&quot;}\">\n\t\t\t<div class=\"elementor-widget-wrap elementor-element-populated\">\n\t\t\t\t\t\t\t\t<div class=\"elementor-element elementor-element-91997d7 elementor-widget elementor-widget-heading\" data-id=\"91997d7\" data-element_type=\"widget\" data-settings=\"{&quot;architecturer_ext_is_mobile_menu&quot;:&quot;false&quot;,&quot;architecturer_ext_is_scrollme&quot;:&quot;false&quot;,&quot;architecturer_ext_is_smoove&quot;:&quot;false&quot;,&quot;architecturer_ext_is_parallax_mouse&quot;:&quot;false&quot;,&quot;architecturer_ext_is_infinite&quot;:&quot;false&quot;,&quot;architecturer_ext_is_fadeout_animation&quot;:&quot;false&quot;}\" data-widget_type=\"heading.default\">\n\t\t\t\t<div class=\"elementor-widget-container\">\n\t\t\t<style>\/*! elementor - v3.5.3 - 28-12-2021 *\/\n.elementor-heading-title{padding:0;margin:0;line-height:1}.elementor-widget-heading .elementor-heading-title[class*=elementor-size-]>a{color:inherit;font-size:inherit;line-height:inherit}.elementor-widget-heading .elementor-heading-title.elementor-size-small{font-size:15px}.elementor-widget-heading .elementor-heading-title.elementor-size-medium{font-size:19px}.elementor-widget-heading .elementor-heading-title.elementor-size-large{font-size:29px}.elementor-widget-heading .elementor-heading-title.elementor-size-xl{font-size:39px}.elementor-widget-heading .elementor-heading-title.elementor-size-xxl{font-size:59px}<\/style><h2 class=\"elementor-heading-title elementor-size-default\"><br><br><br><br>Prop\u00f3sito de la Formaci\u00f3n<\/h2>\t\t<\/div>\n\t\t\t\t<\/div>\n\t\t\t\t<div class=\"elementor-element elementor-element-80ee6f0 elementor-widget elementor-widget-heading\" data-id=\"80ee6f0\" data-element_type=\"widget\" data-settings=\"{&quot;architecturer_ext_is_mobile_menu&quot;:&quot;false&quot;,&quot;architecturer_ext_is_scrollme&quot;:&quot;false&quot;,&quot;architecturer_ext_is_smoove&quot;:&quot;false&quot;,&quot;architecturer_ext_is_parallax_mouse&quot;:&quot;false&quot;,&quot;architecturer_ext_is_infinite&quot;:&quot;false&quot;,&quot;architecturer_ext_is_fadeout_animation&quot;:&quot;false&quot;}\" data-widget_type=\"heading.default\">\n\t\t\t\t<div class=\"elementor-widget-container\">\n\t\t\t<h2 class=\"elementor-heading-title elementor-size-default\"><br><br><br><p><span style=\"font-family: Cabin, sans-serif; font-size: 17px; font-style: normal; font-weight: 600;\">MISI\u00d3N<\/span><br><\/p><p><span style=\"color:#767171;mso-themecolor:background2;\nmso-themeshade:128;mso-style-textfill-fill-color:#767171;mso-style-textfill-fill-themecolor:\nbackground2;mso-style-textfill-fill-alpha:100.0%;mso-style-textfill-fill-colortransforms:\nlumm=50000\">La Misi\u00f3n de la Escuela de Dise\u00f1o es el cultivo de la disciplina\ndel Dise\u00f1o y la formaci\u00f3n de personas sensibles, creativas y profesionalmente\ncompetentes para fundamentar, proponer y desarrollar innovaci\u00f3n y crear valor a\ntrav\u00e9s del proyecto de Dise\u00f1o. De acuerdo a ello, busca la convergencia y\ntransversalidad disciplinar integrando arte, ciencia y tecnolog\u00eda en el proceso\nde dise\u00f1o, para generar nuevos horizontes de desarrollo de conocimientos,\ninnovaci\u00f3n y transferencia tecnol\u00f3gica, viables y factibles para el progreso y bienestar\nde la regi\u00f3n y del pa\u00eds, en permanente dialogo con el entorno social, cultural\ny econ\u00f3mico tanto local como global.<\/span><\/p><p style=\"line-height:250%\"><b>VISI\u00d3N<\/b><\/p><p><span style=\"color:#767171;mso-themecolor:background2;\nmso-themeshade:128;mso-style-textfill-fill-color:#767171;mso-style-textfill-fill-themecolor:\nbackground2;mso-style-textfill-fill-alpha:100.0%;mso-style-textfill-fill-colortransforms:\nlumm=50000\">La Visi\u00f3n de la Escuela de Dise\u00f1o es ser reconocida como una Unidad\nacad\u00e9mica que ofrece una formaci\u00f3n internacionalizada conducente a una doble\ngraduaci\u00f3n en Dise\u00f1o y ser reconocida por la concepci\u00f3n de integridad\ndisciplinar en su Proyecto Acad\u00e9mico en el campo del Dise\u00f1o de Productos (Dise\u00f1o\nIndustrial + Dise\u00f1o Gr\u00e1fico). La Escuela propone ser un referente en el sistema\neducacional superior tanto por su oferta acad\u00e9mica de equidad, que incluye la\nrealizaci\u00f3n de un semestre acad\u00e9mico en el extranjero orientado a otorgar una\nvisi\u00f3n de mundo a sus estudiantes como por la originalidad de su modelo\nformativo por competencias asociado a la visi\u00f3n sist\u00e9mica de la realidad, que\ndetermina un posicionamiento distintivo de sus egresados (saber, saber hacer y\nsaber ser) al servicio de la creaci\u00f3n de valor y aporte de innovaci\u00f3n desde la\nlectura y comprensi\u00f3n del entorno local, para el desarrollo de la cultura y la\nsociedad.<\/span><\/p><p><span style=\"color:#767171;mso-themecolor:background2;\nmso-themeshade:128;mso-style-textfill-fill-color:#767171;mso-style-textfill-fill-themecolor:\nbackground2;mso-style-textfill-fill-alpha:100.0%;mso-style-textfill-fill-colortransforms:\nlumm=50000\">Desde el punto de vista disciplinar, la visi\u00f3n de la Unidad es\nconsolidar el proceso creativo del dise\u00f1o y su aporte de originalidad asociada\nal mundo del arte, incorporando las dimensiones cient\u00edfico t\u00e9cnicas conducentes\na la b\u00fasqueda de verificaci\u00f3n y comprobaci\u00f3n de sus resultados y procesos. El\nfortalecimiento de esta dimensi\u00f3n dent\u00edfico t\u00e9cnica, actualmente definido como\nuno de los ejes de desarrollo en el Plan Estrat\u00e9gico de la Escuela, es el paso\nesencial para vincular las l\u00edneas de desarrollo acad\u00e9mico con oportunidades\nefectivas de investigaci\u00f3n.<o:p><\/o:p><\/span><\/p>\n\n<\/h2>\t\t<\/div>\n\t\t\t\t<\/div>\n\t\t\t\t\t<\/div>\n\t\t<\/div>\n\t\t\t\t<div class=\"elementor-column elementor-col-50 elementor-top-column elementor-element elementor-element-bcbb282\" data-id=\"bcbb282\" data-element_type=\"column\" data-settings=\"{&quot;architecturer_ext_is_mobile_menu&quot;:&quot;false&quot;,&quot;architecturer_ext_is_scrollme&quot;:&quot;false&quot;,&quot;architecturer_ext_is_smoove&quot;:&quot;false&quot;,&quot;architecturer_ext_is_parallax_mouse&quot;:&quot;false&quot;,&quot;architecturer_ext_is_infinite&quot;:&quot;false&quot;,&quot;architecturer_ext_is_fadeout_animation&quot;:&quot;false&quot;}\">\n\t\t\t<div class=\"elementor-widget-wrap elementor-element-populated\">\n\t\t\t\t\t\t\t\t\t<\/div>\n\t\t<\/div>\n\t\t\t\t\t\t\t<\/div>\n\t\t<\/section>\n\t\t\t\t\t\t<\/div>\n\t\t\t\t\t<\/div>\n\t\t","protected":false},"excerpt":{"rendered":"<p>Formaci\u00f3n Misi\u00f3n Visi\u00f3n Prop\u00f3sito de la Formaci\u00f3n MISI\u00d3N La Misi\u00f3n de la Escuela de Dise\u00f1o es el cultivo de la disciplina del Dise\u00f1o y la formaci\u00f3n de personas sensibles, creativas y profesionalmente competentes para fundamentar, proponer y desarrollar innovaci\u00f3n y [&hellip;]<\/p>\n","protected":false},"author":4,"featured_media":0,"parent":1078,"menu_order":0,"comment_status":"closed","ping_status":"closed","template":"","meta":{"_monsterinsights_skip_tracking":false,"_monsterinsights_sitenote_active":false,"_monsterinsights_sitenote_note":"","_monsterinsights_sitenote_category":0,"footnotes":""},"class_list":["post-2086","page","type-page","status-publish","hentry"],"_links":{"self":[{"href":"https:\/\/diseno.utalca.cl\/index.php?rest_route=\/wp\/v2\/pages\/2086","targetHints":{"allow":["GET"]}}],"collection":[{"href":"https:\/\/diseno.utalca.cl\/index.php?rest_route=\/wp\/v2\/pages"}],"about":[{"href":"https:\/\/diseno.utalca.cl\/index.php?rest_route=\/wp\/v2\/types\/page"}],"author":[{"embeddable":true,"href":"https:\/\/diseno.utalca.cl\/index.php?rest_route=\/wp\/v2\/users\/4"}],"replies":[{"embeddable":true,"href":"https:\/\/diseno.utalca.cl\/index.php?rest_route=%2Fwp%2Fv2%2Fcomments&post=2086"}],"version-history":[{"count":205,"href":"https:\/\/diseno.utalca.cl\/index.php?rest_route=\/wp\/v2\/pages\/2086\/revisions"}],"predecessor-version":[{"id":5674,"href":"https:\/\/diseno.utalca.cl\/index.php?rest_route=\/wp\/v2\/pages\/2086\/revisions\/5674"}],"up":[{"embeddable":true,"href":"https:\/\/diseno.utalca.cl\/index.php?rest_route=\/wp\/v2\/pages\/1078"}],"wp:attachment":[{"href":"https:\/\/diseno.utalca.cl\/index.php?rest_route=%2Fwp%2Fv2%2Fmedia&parent=2086"}],"curies":[{"name":"wp","href":"https:\/\/api.w.org\/{rel}","templated":true}]}}